30. What is j(-106)?
-2
Let g(t) = -29246*t - 146168. Determine g(-5).
62
Let m(t) = -t**3 - 7*t**2 - 85. Give m(6).
-553
Let c(h) = h**3 - 23*h**2 + 245*h - 961. Give c(7).
-30
Let l(h) = 753*h - 264471. Give l(351).
-168
Let t(j) = -103572*j - 103580. Give t(-1).
-8
Let i(t) = -4497*t - 284443. What is i(-63)?
-1132
Let z(g) = -2*g**3 - 421*g**2 - 2648*g + 812. Determine z(-204).
-4
Let y(g) = -g**3 - 64*g**2 + 364*g - 166. What is y(-70)?
3754
Let u(d) = -7*d**3 - 271*d**2 + 7816*d - 818. Determine u(-58).
-6
Let d(x) = -114*x + 216. Determine d(4).
-240
Let p(l) = -5*l**2 + 321*l - 9893. What is p(34)?
-4759
Let m(w) = w**3 - 22*w**2 + 14*w - 38. Calculate m(5).
-393
Let v(r) = -1621*r**2 - 37276*r. Calculate v(-23).
-161
Let a(k) = 84*k - 5252. What is a(96)?
2812
Let i(v) = v**3 - 62*v**2 - 267*v + 171. Calculate i(66).
-27
Let d(r) = -5*r**3 + 48*r**2 - 96*r + 901. Give d(9).
280
Let l(n) = 203*n + 2627. Determine l(-11).
394
Let s(t) = -2*t**3 + 12*t**2 - 458*t + 4214. Give s(9).
-394
Let l(g) = -g**3 + 35*g**2 + 465*g - 689. Give l(45).
-14
Let u(i) = 338*i**2 + 71319*i + 243. Calculate u(-211).
32
Let t(k) = -454*k**2 + 20424*k + 273. Determine t(45).
3
Let p(i) = -89*i**2 - 59147*i - 59143. Calculate p(-1).
-85
Let u(a) = -3*a**3 + 12*a**2 - 147*a + 240. Give u(2).
-30
Let j(h) = -323*h**2 + 213*h - 200. Give j(1).
-310
Let g(m) = -5593*m - 1526879. Give g(-273).
10
Let x(d) = 48*d**2 + 102*d + 399. Determine x(-4).
759
Let y(b) = -b**3 - 128*b**2 + 51*b - 9615. Give y(-129).
447
Let m(l) = -206*l**2 - 3286*l + 166. Determine m(-16).
6
Let n(t) = -131066*t - 1966066. Determine n(-15).
-76
Let g(u) = -7*u**3 + 41*u**2 - 13*u + 30. Give g(6).
-84
Let w(r) = -4*r**3 + 109*r**2 + 662*r - 18636. Give w(27).
-33
Let l(f) = 101*f - 809. Calculate l(14).
605
Let g(l) = -3*l**2 - 5792*l - 1960323. Determine g(-1493).
-14
Let b(z) = -z**3 - 34*z**2 + 112*z + 3814. Calculate b(-34).
6
Let a(o) = -1155*o + 115498. Give a(100).
-2
Let x(o) = 11*o**3 + 81*o**2 + 1857*o + 15278. Give x(-8).
-26
Let k(j) = 26*j**2 + 8981*j + 35887. Determine k(-4).
379
Let i(b) = 234*b - 3790. Calculate i(20).
890
Let s(z) = -z**3 - 6*z**2 - 67*z - 1345. Determine s(-11).
-3
Let l(o) = -361*o - 14559. Calculate l(-45).
1686
Let y(a) = a**2 - 117*a - 1279. Give y(126).
-145
Let z(n) = -n**2 + 237*n + 30738. Determine z(-93).
48
Let g(n) = 12*n**2 - 987*n + 18266. What is g(54)?
-40
Let n(h) = -37*h**2 - 4879*h + 668. What is n(-132)?
8
Let v(s) = 2*s**3 - 635*s**2 + 903*s + 14229. What is v(316)?
9
Let p(k) = -8071*k + 1186456. Give p(147).
19
Let q(n) = 32452*n**2 - 292036*n - 289. Calculate q(9).
-1
Let c(o) = -o**3 - 477*o**2 - 3725*o + 12653. What is c(-469)?
-10
Let d(j) = -3*j**2 - 140*j - 2469. Calculate d(-43).
-1996
Let i(s) = -s**3 + 5*s**2 + 767*s + 11. Calculate i(0).
11
Let k(t) = -12209*t + 195378. What is k(16)?
34
Let d(r) = -28*r**2 + 68*r - 208. Calculate d(4).
-384
Let y(u) = 921915*u - 5531506. Calculate y(6).
-16
Let m(j) = 2*j**3 - 302*j**2 - 293*j - 1653. Calculate m(152).
19
Let z(c) = -523*c**2 - 1994*c + 65. Determine z(-4).
-327
Let u(l) = 36975*l**2 - 850411*l - 308. Give u(23).
14
Let v(q) = q**3 - 368*q**2 + 1208*q - 311. Calculate v(3).
28
Let y(l) = 1404*l - 164393. Calculate y(117).
-125
Let u(f) = -1634*f + 26048. Calculate u(16).
-96
Let y(s) = 9*s**3 - 142*s**2 + 10*s - 288. Determine y(16).
384
Let t(q) = q**3 - 11*q**2 + 131*q + 783. Calculate t(-4).
19
Let m(b) = 66296*b - 1458468. Calculate m(22).
44
Let b(d) = -2816*d**2 + 64679*d + 2051. What is b(23)?
4
Let t(l) = 8*l**3 - 12*l**2 - 53*l - 120. Give t(-6).
-1962
Let t(r) = -3*r**2 - 128*r - 210. Calculate t(-26).
1090
Let b(m) = 887*m - 7786. Give b(9).
197
Let o(z) = -41777*z - 4470133. Calculate o(-107).
6
Let a(k) = -952*k - 2942. What is a(-5)?
1818
Let l(b) = 153*b**2 + 5649*b - 34. Determine l(-37).
410
Let z(g) = -6*g**2 - 541*g - 12185. What is z(-47)?
-12
Let a(p) = -652149*p - 2608695. What is a(-4)?
-99
Let v(b) = -2*b**3 - 33*b**2 - 818*b - 15692. What is v(-18)?
4
Let a(d) = d**3 + 12*d**2 - 165*d - 1581. Give a(-16).
35
Let w(b) = 1100*b**2 - 381*b + 383. What is w(1)?
1102
Let b(o) = o**2 + 140*o - 556. What is b(-150)?
944
Let h(o) = -1479*o + 501381. Calculate h(339).
0
Let a(t) = 186*t - 9609. Give a(52).
63
Let y(k) = 1940*k - 752729. What is y(388)?
-9
Let o(y) = -y**2 - 223*y - 10795. What is o(-71)?
-3
Let r(t) = -t**3 - 119*t**2 + 384*t + 2181. Determine r(-122).
-15
Let h(s) = 205*s - 3159. Give h(15).
-84
Let m(i) = -46557*i + 139660. Calculate m(3).
-11
Let j(k) = -2243*k - 161493. What is j(-72)?
3
Let u(c) = 2*c**2 - 1511*c + 225013. Determine u(204).
1
Let o(t) = -10*t**2 + 1194*t - 393. Calculate o(119).
83
Let q(f) = -f**3 - 58*f**2 - 214*f + 141. Give q(-54).
33
Let w(x) = -4738*x + 38097. Calculate w(8).
193
Let d(w) = w**2 + 37*w - 172120. Calculate d(397).
178
Let d(z) = 48*z**3 - 560*z**2 + 1572*z - 60. What is d(7)?
-32
Let w(t) = 10446*t + 9577. Calculate w(-1).
-869
Let s(j) = 426719*j + 5974065. Calculate s(-14).
-1
Let t(k) = -7909*k + 996532. Give t(126).
-2
Let a(i) = -i**2 + 1100*i - 60403. What is a(58)?
33
Let d(a) = a**2 - 1948*a - 11752. Determine d(-6).
-28
Let o(d) = d**3 + 250*d**2 + 2380*d - 4799. Calculate o(-240).
1
Let p(i) = i**3 - 91*i**2 - 480*i - 1006. What is p(96)?
-1006
Let c(p) = -3*p**2 - 3009*p + 15102. Calculate c(5).
-18
Let s(o) = -14*o**3 - 72*o**2 + 23*o + 78. What is s(-7)?
1191
Let p(f) = f**3 - 62*f**2 - 138*f + 619. Calculate p(64).
-21
Let g(z) = 29342*z + 28580. Calculate g(-1).
-762
Let q(t) = -13*t + 1953. What is q(95)?
718
Let x(n) = n**2 + 116*n - 2048. Determine x(-132).
64
Let z(w) = w**2 - 2257*w + 211583. Determine z(98).
1
Let b(g) = g**3 - 894*g**2 - 4518*g - 111. Calculate b(-5).
4
Let w(p) = 1310*p - 343. What is w(1)?
967
Let o(s) = -7*s**2 - 46*s + 76. What is o(-12)?
-380
Let t(j) = j**2 + 102*j - 36984. What is t(149)?
415
Let a(y) = y**3 + 569*y**2 + 1624*y + 277762. Calculate a(-567).
-68
Let h(t) = -686*t**2 - 19889*t + 151. What is h(-29)?
6
Let g(p) = 48*p**3 - 350*p**2 + 10*p + 4. What is g(7)?
-612
Let n(m) = -27*m**2 + 2842*m + 1907. Determine n(106).
-213
Let f(z) = 21*z - 346. What is f(26)?
200
Let y(c) = 59*c**2 - 7907*c + 501. Determine y(134).
367
Let u(c) = 2*c**3 - 15*c**2 - 236*c + 11. Give u(-8).
-85
Let h(d) = d**3 - 337*d**2 - 998*d - 7774. What is h(340)?
-294
Let g(f) = -134*f**2 - 20495*f + 520. Give g(-153).
-551
Let d(w) = 3914*w - 136973. Determine d(35).
17
Let g(n) = 66*n**2 + 193*n - 939. Give g(5).
1676
Let y(u) = 2*u**3 + 1654*u**2 + 61466*u + 1565. Calculate y(-788).
-11
Let d(q) = -360590*q + 1081784. Determine d(3).
14
Let p(s) = -2*s**2 - s + 506. Determine p(-23).
-529
Let j(c) = -401832*c + 9242133. Determine j(23).
-3
Let k(u) = -2*u**2 + 2674*u - 839665. Calculate k(504).
-1
Let n(b) = 137*b + 25192. Give n(-181).
395
Let d(q) = 16*q**3 - q**2 + 120*q + 348. Give d(-3).
-453
Let s(j) = -149*j + 6443. Calculate s(43).
36
Let q(x) = x**3 - 74*x**2 - 3705*x + 264646. What is q(78)?
-8
Let g(r) = -258*r + 57527. Determine g(223).
-7
Let o(w) = w**2 + 10206*w - 51045. Determine o(5).
10
Let s(x) = x**3 + 63*x**2 + 410*x + 425. Calculate s(-6).
17
Let n(g) = 2*g**2 - 287*g - 55017. What is n(251)?
-1052
Let s(u) = u**3 - 5*u**2 + 19228*u - 96168. What is s(5)?
-28
Let f(v) = -v**3 + 10*v**2 + 3832*v - 42019. What is f(11)?
12
Let y(f) = f**2 - 671*f + 112413. What is y(347)?
-15
Let i(k) = 65434*k + 4645810. Give i(-71).
-4
Let k(n) = 797*n - 51913. Calculate k(66).
689
Let n(y) = -4*y**3 + 99*y**2 + 197*y - 10. Determine n(-2).
24
Let d(r) = -2*r**3 - 101*r**2 + 43*r - 789. Determine d(-51).
-381
Let p(i) = 22593*i + 203343. Determine p(-9).
6
Let o(a) = -3*a**2 - 251*a + 3796. Give o(-97).
-84
Let o(s) = 1059*s + 7402. Determine o(-5).
2107
Let c(j) = j**3 - 67*j**2 + 614*j - 36180. Give c(66).
-12
Let p(j) = -520*j**2 - 16419*j + 7081. What is p(-32)?
9
Let s(c) = -431*c + 17940. Determine s(40).
700
Let y(r) = -2*r**2 + 7421*r - 59249. What is y(8)?
-9
Let r(h) = h**3 + 16*h**2 - 9937*h - 139559. Determine r(-14).
-49
Let k(r) = -46*r + 14759. What is k(321)?
-7
Let f(z) = -1989*z - 336138. Give f(-169).
3
Let p(q) = -1089*q + 118721. Determ